4, what is -1c1 - 1?
-1c2
In base 14, what is 1 - -19?
1a
In base 6, what is 10 - -11?
21
In base 3, what is 12 - 10?
2
In base 7, what is -2 + -205?
-210
In base 13, what is 6 + -5a?
-54
In base 11, what is -20 + 11a?
aa
In base 11, what is 7 + 100?
107
In base 7, what is 140 + -2?
135
In base 15, what is -9 - 12a?
-134
In base 8, what is 5 + -523?
-516
In base 13, what is 2 - -a?
c
In base 2, what is -10 - 10?
-100
In base 3, what is 11012 + -10?
11002
In base 6, what is -10 + 153?
143
In base 15, what is 1c - 143?
-126
In base 14, what is 1c - 1?
1b
In base 13, what is 4 + 60b?
612
In base 2, what is 11100110 + -1110?
11011000
In base 14, what is 0 + -1957?
-1957
In base 6, what is 0 + -3403?
-3403
In base 11, what is -106 - 15?
-120
In base 6, what is -340 - 0?
-340
In base 10, what is 8 + -59?
-51
In base 9, what is -52 - -13?
-38
In base 12, what is 29 + -2?
27
In base 16, what is 1e7 - 0?
1e7
In base 9, what is 3373 + 4?
3377
In base 12, what is -1 + -1610?
-1611
In base 2, what is 1111100 + -11?
1111001
In base 2, what is -110001 + -1001?
-111010
In base 13, what is -7 - -64?
5a
In base 5, what is 100201 + -2?
100144
In base 6, what is 4 - 3052?
-3044
In base 3, what is -222 - 0?
-222
In base 6, what is 415 - -21?
440
In base 3, what is -2010 + 10?
-2000
In base 14, what is -d - 17?
-26
In base 10, what is 128 + 5?
133
In base 10, what is -5 + -252?
-257
In base 13, what is -102b - 3?
-1031
In base 3, what is 10 - 221?
-211
In base 5, what is 3 - -44403?
44411
In base 7, what is -4 + -226?
-233
In base 4, what is 3 - 1031132?
-1031123
In base 14, what is -1 + 1a87?
1a86
In base 5, what is 0 + 112033?
112033
In base 14, what is -1 - 52?
-53
In base 12, what is 6 - 8?
-2
In base 6, what is 4102 + -1?
4101
In base 9, what is 6770 - 1?
6768
In base 11, what is 103 - 22?
91
In base 14, what is 2 - -38?
3a
In base 16, what is -2 + -16?
-18
In base 9, what is -41 + 6?
-34
In base 4, what is -100 + -31?
-131
In base 14, what is -3 - -888?
885
In base 14, what is -2a - 36?
-62
In base 10, what is 13 + 55?
68
In base 11, what is -584 - -4?
-580
In base 10, what is -31 - 104?
-135
In base 8, what is 2741 + -3?
2736
In base 6, what is 1 - 10?
-5
In base 8, what is 16 - 54?
-36
In base 7, what is 644 - 20?
624
In base 7, what is -5 + -141?
-146
In base 9, what is -117 + -38?
-156
In base 10, what is 860 - 13?
847
In base 7, what is -12623 + -3?
-12626
In base 13, what is 1227 + 4?
122b
In base 12, what is 71a0 - 4?
7198
In base 13, what is 194 - -1?
195
In base 5, what is -43 + -114?
-212
In base 7, what is 3 - 13630?
-13624
In base 4, what is 20 + -312?
-232
In base 10, what is -476 + 3?
-473
In base 5, what is 10 + 1141?
1201
In base 6, what is -2 + 2504?
2502
In base 4, what is -333 - 10130?
-11123
In base 4, what is -113 - 32131?
-32310
In base 7, what is 1 - -123?
124
In base 15, what is 3 - 27?
-24
In base 14, what is 1b + -7?
14
In base 9, what is -144 - 3?
-147
In base 2, what is -111011010000 + -1001?
-111011011001
In base 7, what is -10 - -11?
1
In base 13, what is 65 + 4?
69
In base 7, what is 14 - -3125?
3142
In base 7, what is -3 + 45?
42
In base 7, what is 5 - 40?
-32
In base 7, what is -6 - -2?
-4
In base 12, what is -46 - 18?
-62
In base 12, what is 1 + -23?
-22
In base 2, what is -100011 - 10010000?
-10110011
In base 9, what is 2223 + -5?
2217
In base 13, what is -1a36 + 5?
-1a31
In base 16, what is -2c - 6?
-32
In base 8, what is -4131 - -1?
-4130
In base 7, what is -141 + 5?
-133
In base 6, what is -5 - 144?
-153
In base 12, what is 4 + -a8b?
-a87
In base 14, what is 1 + -848?
-847
In base 2, what is -1010100110100 + -100?
-1010100111000
In base 15, what is -2 - ac?
-ae
In base 12, what is -4 + b4?
b0
In base 6, what is -15 + 45?
30
In base 8, what is -1 + -1147?
-1150
In base 12, what is -2 - -1568?
1566
In base 8, what is 1677 + 2?
1701
In base 7, what is -4004 + 0?
-4004
In base 12, what is a4b - -1?
a50
In base 10, what is -18836 + 1?
-18835
In base 14, what is -3 + 4c?
49
In base 7, what is -102112 - 3?
-102115
In base 15, what is -62b - 4?
-630
In base 16, what is -2 + 4a?
48
In base 16, what is 4 + 10?
14
In base 12, what is -80 - 3?
-83
In base 12, what is 1 + 3b9?
3ba
In base 10, what is 2 + 2?
4
In base 11, what is -1 - 23?
-24
In base 3, what is -1102011 - 10?
-1102021
In base 5, what is -201 - -1?
-200
In base 16, what is 4 - -3?
7
In base 8, what is 2137 - -3?
2142
In base 11, what is -117 - 3?
-11a
In base 7, what is 406 + -5?
401
In base 4, what is -1203213 + -12?
-1203231
In base 14, what is -5 + -13cb?
-13d2
In base 13, what is -103 - -11?
-c2
In base 14, what is -5 + -292?
-297
In base 15, what is -63 - -7?
-5b
In base 12, what is 278 + 0?
278
In base 8, what is 147 + -6?
141
In base 4, what is 0 + 3212?
3212
In base 13, what is -85 - -4?
-81
In base 15, what is -1 + -17?
-18
In base 8, what is 20 - 5?
13
In base 12, what is -79 + 3?
-76
In base 7, what is 11 + 66?
110
In base 10, what is -8 - 1658?
-1666
In base 2, what is 100100110001 - 11?
100100101110
In base 14, what is 13a - 7?
133
In base 3, what is -11221110 + -2?
-11221112
In base 8, what is -5 - 7507?
-7514
In base 2, what is 1010111101 - 10?
1010111011
In base 14, what is 74 + 4?
78
In base 13, what is 6 + 1c6?
1cc
In base 8, what is 0 - -16056?
16056
In base 11, what is -2 - -243?
241
In base 16, what is 1b24 - -1?
1b25
In base 7, what is 6 + -140?
-131
In base 15, what is 1246 + -3?
1243
In base 8, what is 4043 + -4?
4037
In base 14, what is 3 + -4b?
-48
In base 8, what is -41 + -56?
-117
In base 3, what is 2100 + 100010?
102110
In base 4, what is 3212333 - 1?
3212332
In base 9, what is 12 - -34?
46
In base 14, what is 4 - 550?
-54a
In base 3, what is 21 + -1112?
-1021
In base 5, what is -440 + 4?
-431
In base 6, what is 3 + 55?
102
In base 15, what is -6 + -34?
-3a
In base 9, what is 173 + 7?
181
In base 12, what is -3 + 0?
-3
In base 4, what is 10113 - -11?
10130
In base 16, what is -176 - -7?
-16f
In base 9, what is -5 - 2768?
-2774
In base 12, what is -452 + 0?
-452
In base 11, what is -14 + -596?
-5aa
In base 6, what is -5 + -142?
-151
In base 15, what is 518 + -1?
517
In base 13, what is 9 - -47?
53
In base 13, what is -22 - -8?
-17
In base 15, what is -6 + 74?
6d
In base 15, what is 0 + -b6?
-b6
In base 16, what is -4f + -3?
-52
In base 15, what is 8 + -96?
-8d
In base 12, what is 3 - -47?
4a
In base 14, what is -7b - -1b?
-60
In base 10, what is -1152 - -5?
-1147
In base 8, what is -3402 + -3?
-3405
In base 7, what is 45 + 421?
466
In base 10, what is -71496 + 3?
-71493
In base 4, what is 3 + -11?
-2
In base 14, what is 160b - -4?
1611
In base 2, what is 110000 - -11?
110011
In base 16, what is 0 + a92?
a92
In base 12, what is 10 - 1b?
-b
In base 5, what is -3 + 140?
132
In base 9, what is 12043 - 5?
12037
In base 10, what is -43 - -10?
-33
In base 8, what is 3 + -1300?
-1275
In base 2, what is 1001 + 10000011010?
10000100011
In base 7, what is -113 - -314?
201
In base 11, what is -10a0 + 5?
-1096
In base 15, what is -2 - -b1?
ae
In base 5, what is 0 + 11230?
11230
In base 16, what is -4b2 - 4?
-4b6
In base 2, what is -10010 + -110001?
-1000011
In base 16, what is 1622 + -4?
161e
In base 11, what is 3 - 1a03?
-1a00
In base 11, what is -54 - -2?
-52
In base 15, what is -1 - 90?
-91
In base 3, what is 2220200 + -2?
2220121
In base 15, what is -13d - 2?
-140
In base 10, what is -6 + -54?
-60
In base 15, what is e3 + 5?
e8
In base 16, what is 1dc - -5?
1e1
In base 6, what is 4 - -52113?
52121
In base 2, what is -110 + -111011?
-1000001
In base 8, what is -50 - 17?
-67
In base 16, what is -4 + aa0?
a9c
In base 9, what is -8 - 6054?
-6063
In base 3, what is 1 - 12100?
-12022
In base 10, what is 5353 + -4?
5349
In base 11, what is 2a1 + 2?
2a3
In base 8, what is -5 + -2?
-7
In base 9, what is -1 + -222?
-223
In base 14, what is b3 + 4?
b7
In base 6, what is -411 + -4?
-415
In base 16, what is 15 - -18?
2d
In base 2, what is 1 + 1100?
1101
In base 11, what is -4 - -87?
83
In base 11, what is -4 - -362?
359
In base 11, what is -63a + -4?
-643
In base 8, what is 242 + -2?
240
In base 4, what is -210321 - 10?
-210331
In base 12, what is -5 - 45?
-4a
In base 7, what is -105256 + 4?
-105252
In base 8, what is 0 + -454?
-454
In base 4, what is 11 + -